{"id":189,"date":"2021-01-29T12:59:38","date_gmt":"2021-01-29T11:59:38","guid":{"rendered":"https:\/\/raydex.pl\/?page_id=189"},"modified":"2021-02-15T12:41:09","modified_gmt":"2021-02-15T11:41:09","slug":"oferta","status":"publish","type":"page","link":"https:\/\/raydex.pl\/index.php\/oferta\/","title":{"rendered":"Oferta"},"content":{"rendered":"\t\t<div data-elementor-type=\"wp-page\" data-elementor-id=\"189\" class=\"elementor elementor-189\">\n\t\t\t\t\t\t\t\t\t<section class=\"elementor-section elementor-top-section elementor-element elementor-element-5a02563 elementor-section-boxed elementor-section-height-default elementor-section-height-default\" data-id=\"5a02563\" data-element_type=\"section\">\n\t\t\t\t\t\t<div class=\"elementor-container elementor-column-gap-default\">\n\t\t\t\t\t<div class=\"elementor-column elementor-col-100 elementor-top-column elementor-element elementor-element-c41482b\" data-id=\"c41482b\" data-element_type=\"column\">\n\t\t\t<div class=\"elementor-widget-wrap elementor-element-populated\">\n\t\t\t\t\t\t\t\t<div class=\"elementor-element elementor-element-ce0b42a elementor-widget elementor-widget-heading\" data-id=\"ce0b42a\" data-element_type=\"widget\" data-widget_type=\"heading.default\">\n\t\t\t\t<div class=\"elementor-widget-container\">\n\t\t\t<h2 class=\"elementor-heading-title elementor-size-default\">OFERTA<\/h2>\t\t<\/div>\n\t\t\t\t<\/div>\n\t\t\t\t\t<\/div>\n\t\t<\/div>\n\t\t\t\t\t\t\t<\/div>\n\t\t<\/section>\n\t\t\t\t<section class=\"elementor-section elementor-top-section elementor-element elementor-element-b79a497 elementor-section-boxed elementor-section-height-default elementor-section-height-default\" data-id=\"b79a497\" data-element_type=\"section\">\n\t\t\t\t\t\t<div class=\"elementor-container elementor-column-gap-default\">\n\t\t\t\t\t<div class=\"elementor-column elementor-col-100 elementor-top-column elementor-element elementor-element-1cc224c\" data-id=\"1cc224c\" data-element_type=\"column\">\n\t\t\t<div class=\"elementor-widget-wrap elementor-element-populated\">\n\t\t\t\t\t\t\t\t<div class=\"elementor-element elementor-element-69c1a58 elementor-widget elementor-widget-text-editor\" data-id=\"69c1a58\" data-element_type=\"widget\" data-widget_type=\"text-editor.default\">\n\t\t\t\t<div class=\"elementor-widget-container\">\n\t\t\t\t\t\t\t<p><strong>RAYDEX to kilka<\/strong><strong> grup wysokiej klasy k<\/strong><strong>abli i przewod\u00f3w<\/strong><strong>. Szczeg\u00f3\u0142owe informacje na temat ka\u017cdej z nich mo\u017cna znale\u017a\u0107 w rozdziale <\/strong><strong>\u201eprodukty\u201d (<\/strong><strong> wybieraj\u0105c konkretny element z listy). Wyczerpuj\u0105ce informacje na temat produkt\u00f3w mo\u017cna uzyska\u0107 kontaktuj\u0105c si\u0119 z nami drog\u0105 elektroniczn\u0105 lub telefonicznie (patrz <\/strong><strong>\u201ekontakt\u201d<\/strong><strong>). Wykonujemy r\u00f3wnie\u017c kable\u00a0 OEM,\u00a0 wg dostarczonej specyfikacji.\u00a0 Poni\u017cej zastosowania oferowanych w ramach naszej marki poszczeg\u00f3lnych grup kabli i przewod\u00f3w :<br \/><\/strong><strong style=\"color: var( --e-global-color-text ); font-family: var( --e-global-typography-text-font-family ), Sans-serif; font-size: 1rem;\"><br \/>Teleinformatyka, sieci komputerowe, specjalistyczne instalacje : <\/strong><span style=\"color: var( --e-global-color-text ); font-family: var( --e-global-typography-text-font-family ), Sans-serif; font-weight: var( --e-global-typography-text-font-weight ); font-size: 1rem;\">\u00a0 \u00a0\u00a0<\/span><\/p><p>&#8211; przewody kat. 5e : UTP, UTP LSZH, UTP PE+\u017cel, UTP samono\u015bne, UTP linka (patch), FTP, FTP PE+\u017cel, S\/FTP, &#8230;<br \/><span style=\"color: var( --e-global-color-text ); font-family: var( --e-global-typography-text-font-family ), Sans-serif; font-weight: var( --e-global-typography-text-font-weight ); font-size: 1rem;\">&#8211; przewody kat. 6 : UTP, UTP LSOH, UTP PE+\u017cel, UTP samono\u015bne, UTP linka,\u00a0 FTP, FTP PE+\u017cel, S\/FTP, FTP linka, &#8230;<br \/><\/span><span style=\"color: var( --e-global-color-text ); font-family: var( --e-global-typography-text-font-family ), Sans-serif; font-weight: var( --e-global-typography-text-font-weight ); font-size: 1rem;\">&#8211; przewody kat. 6A : U\/UTP, F\/UTP, U\/UTP linka (patch), F\/UTP linka (patch ), &#8230;<br \/><\/span><span style=\"color: var( --e-global-color-text ); font-family: var( --e-global-typography-text-font-family ), Sans-serif; font-weight: var( --e-global-typography-text-font-weight ); font-size: 1rem;\">&#8211; przewody kat. 7 : S\/FTP, S\/FTP linka (patch), &#8230;<br \/><\/span><span style=\"color: var( --e-global-color-text ); font-family: var( --e-global-typography-text-font-family ), Sans-serif; font-size: 1rem;\"><span style=\"font-weight: var( --e-global-typography-text-font-weight );\">&#8211; patch-cordy RJ-45<\/span><br \/><\/span><span style=\"color: var( --e-global-color-text ); font-family: var( --e-global-typography-text-font-family ), Sans-serif; font-size: 1rem;\"><br \/><b>Telewizja przemys\u0142owa ( CCTV ), TV u\u017cytkowa, ochrona, monitoring, instalacje alarmowe :<\/b><\/span><span style=\"color: var( --e-global-color-text ); font-family: var( --e-global-typography-text-font-family ), Sans-serif; font-weight: var( --e-global-typography-text-font-weight ); font-size: 1rem;\">\u00a0\u00a0<\/span><\/p><p>&#8211; przewody instalacyjne CCTV 75 ohm ( np. RG-59 )<br \/><span style=\"color: var( --e-global-color-text ); font-family: var( --e-global-typography-text-font-family ), Sans-serif; font-weight: var( --e-global-typography-text-font-weight ); font-size: 1rem;\">&#8211; przewody CCTV z zasilaniem ( np. YAp RG-59+2&#215;0.75, YAp RG-59+2&#215;1.0 )<br \/><\/span><span style=\"color: var( --e-global-color-text ); font-family: var( --e-global-typography-text-font-family ), Sans-serif; font-weight: var( --e-global-typography-text-font-weight ); font-size: 1rem;\">&#8211; przewody CCTV \u017celowane ( np. XAp RG-59+2&#215;0.75 PE+\u017cel,\u00a0 XAp RG-59+2&#215;1.0 PE+\u017cel )<br \/><\/span><span style=\"color: var( --e-global-color-text ); font-family: var( --e-global-typography-text-font-family ), Sans-serif; font-size: 1rem;\"><span style=\"font-weight: var( --e-global-typography-text-font-weight );\">&#8211; przewody domofonowe wewn\u0119trzne i \u017celowane ( np. YTDY, XSTDYz )<\/span><br \/><\/span><span style=\"color: var( --e-global-color-text ); font-family: var( --e-global-typography-text-font-family ), Sans-serif; font-size: 1rem;\"><br \/><b>Telewizja kablowa, satelitarna i naziemna ( CATV, SMATV, HFC, TV-SAT, DVB-T ) :\u00a0\u00a0\u00a0\u00a0\u00a0\u00a0\u00a0\u00a0\u00a0\u00a0 <\/b><\/span><span style=\"color: var( --e-global-color-text ); font-family: var( --e-global-typography-text-font-family ), Sans-serif; font-weight: var( --e-global-typography-text-font-weight ); font-size: 1rem;\">\u00a0 \u00a0 \u00a0<br \/><\/span><span style=\"color: var( --e-global-color-text ); font-family: var( --e-global-typography-text-font-family ), Sans-serif; font-weight: var( --e-global-typography-text-font-weight ); font-size: 1rem;\"><br \/>&#8211; przewody 75 ohm instalacyjne typu RG-59, RG-6, dystrybucyjne typu RG-11\u00a0<br \/><\/span><span style=\"color: var( --e-global-color-text ); font-family: var( --e-global-typography-text-font-family ), Sans-serif; font-size: 1rem; font-weight: var( --e-global-typography-text-font-weight );\">&#8211; przewody hybrydowe : Multinet ( np. RG-6 + U\/UTP kat.5e )<br \/><\/span><span style=\"color: var( --e-global-color-text ); font-family: var( --e-global-typography-text-font-family ), Sans-serif; font-size: 1rem; font-weight: var( --e-global-typography-text-font-weight );\">&#8211; przewody zespolone :\u00a0 Duplex ( np. 2 x RG-6 )<br \/><\/span><span style=\"color: var( --e-global-color-text ); font-family: var( --e-global-typography-text-font-family ), Sans-serif; font-size: 1rem; font-weight: var( --e-global-typography-text-font-weight );\">&#8211; przewody 75 ohm samono\u015bne : SAT LN ( np. RG-6 \u017celowany z link\u0105 no\u015bn\u0105 )<br \/><\/span><span style=\"color: var( --e-global-color-text ); font-family: var( --e-global-typography-text-font-family ), Sans-serif; font-size: 1rem; font-weight: var( --e-global-typography-text-font-weight );\">&#8211; minicoaxy 75 ohm : R-41\u00a0<\/span><\/p><p><span style=\"color: var( --e-global-color-text ); font-family: var( --e-global-typography-text-font-family ), Sans-serif; font-weight: var( --e-global-typography-text-font-weight ); font-size: 1rem;\">Wszystkie przewody dla \u201emieszkani\u00f3wki\u201d spe\u0142niaj\u0105ce wymogi rozporz\u0105dzenia MTBiGM*<\/span><\/p><p><em>*Przewody zgodne z wymaganiami rozporz\u0105dzenia Ministerstwa Transportu Budownictwa i Gospodarki Morskiej w sprawie &#8222;warunk\u00f3w technicznych jakim <\/em><em>powinny odpowiada\u0107 budynki i ich usytuowanie&#8221; z dnia 22 listopada 2012 roku w zakresie okablowania dedykowanego do instalacji RTV\/SAT.<br \/><\/em><span style=\"color: var( --e-global-color-text ); font-family: var( --e-global-typography-text-font-family ), Sans-serif; font-size: 1rem;\"><i><br \/><\/i><b>Radiokomunikacja, WLAN (2.4GHz , 5GHz), GSM, CB :<\/b><\/span><span style=\"color: var( --e-global-color-text ); font-family: var( --e-global-typography-text-font-family ), Sans-serif; font-weight: var( --e-global-typography-text-font-weight ); font-size: 1rem;\">\u00a0 \u00a0 \u00a0<\/span><\/p><p>&#8211; przewody 50 ohm typu RG ( np. RG-58, RG-213, RG-174 )<br \/><span style=\"color: var( --e-global-color-text ); font-family: var( --e-global-typography-text-font-family ), Sans-serif; font-size: 1rem;\"><span style=\"font-weight: var( --e-global-typography-text-font-weight );\">&#8211; przewody 50 ohm typu RF ( np. RF-5, RF-7, RF-10 )\u00a0 \u00a0\u00a0<\/span><br \/><\/span><span style=\"color: var( --e-global-color-text ); font-family: var( --e-global-typography-text-font-family ), Sans-serif; font-size: 1rem;\"><br \/><b>Audio, video, g\u0142o\u015bnikowe : <\/b><\/span><span style=\"color: var( --e-global-color-text ); font-family: var( --e-global-typography-text-font-family ), Sans-serif; font-weight: var( --e-global-typography-text-font-weight ); font-size: 1rem;\">\u00a0 \u00a0\u00a0<\/span><\/p><p>&#8211; przewody g\u0142o\u015bnikowe ( np. TLGYp 2&#215;1.5, TLGY 2&#215;2.5 ), &#8230;\u00a0<br \/><span style=\"color: var( --e-global-color-text ); font-family: var( --e-global-typography-text-font-family ), Sans-serif; font-size: 1rem;\"><span style=\"font-weight: var( --e-global-typography-text-font-weight );\">&#8211; przewody audio-video ( np. HDMI )\u00a0<\/span><br \/><\/span><span style=\"color: var( --e-global-color-text ); font-family: var( --e-global-typography-text-font-family ), Sans-serif; font-size: 1rem;\"><br \/><b>P\u00f3\u0142produkty, produkty OEM, kable i przewody wykonane wg specyfikacji klienta oraz inne .<br \/><\/b><\/span><span style=\"color: var( --e-global-color-text ); font-family: var( --e-global-typography-text-font-family ), Sans-serif; font-size: 1rem;\"><b><br \/><\/b><span style=\"font-weight: var( --e-global-typography-text-font-weight );\">Seryjne produkty marki RAYDEX s\u0105 dost\u0119pne z naszego magazynu w \u0141odzi w r\u00f3\u017cnych odcinkach, w zale\u017cno\u015bci od typu kabla ( 100m, 200m, 300m, 305m, 400m, 500m, 1000m )\u00a0\u00a0<br \/><\/span><\/span><span style=\"color: var( --e-global-color-text ); font-family: var( --e-global-typography-text-font-family ), Sans-serif; font-size: 1rem; font-weight: var( --e-global-typography-text-font-weight );\"><br \/>Nasze przewody mog\u0105 wyst\u0119powa\u0107 w r\u00f3\u017cnych wersjach np. jako :<\/span><\/p><p>&#8211; przewody wewn\u0119trzne<br \/><span style=\"color: var( --e-global-color-text ); font-family: var( --e-global-typography-text-font-family ), Sans-serif; font-weight: var( --e-global-typography-text-font-weight ); font-size: 1rem;\">&#8211; przewody zewn\u0119trzne suche i \u017celowane<br \/><\/span><span style=\"color: var( --e-global-color-text ); font-family: var( --e-global-typography-text-font-family ), Sans-serif; font-weight: var( --e-global-typography-text-font-weight ); font-size: 1rem;\">&#8211; przewody z link\u0105 no\u015bn\u0105<br \/><\/span><span style=\"color: var( --e-global-color-text ); font-family: var( --e-global-typography-text-font-family ), Sans-serif; font-weight: var( --e-global-typography-text-font-weight ); font-size: 1rem;\">&#8211; przewody nierozprzestrzeniaj\u0105ce ognia<br \/><\/span><span style=\"color: var( --e-global-color-text ); font-family: var( --e-global-typography-text-font-family ), Sans-serif; font-weight: var( --e-global-typography-text-font-weight ); font-size: 1rem;\">&#8211; przewody hybrydowe<br \/><\/span><span style=\"color: var( --e-global-color-text ); font-family: var( --e-global-typography-text-font-family ), Sans-serif; font-weight: var( --e-global-typography-text-font-weight ); font-size: 1rem;\">&#8211; przewody zespolone<br \/><\/span><span style=\"color: var( --e-global-color-text ); font-family: var( --e-global-typography-text-font-family ), Sans-serif; font-weight: var( --e-global-typography-text-font-weight ); font-size: 1rem;\">&#8211; oraz innych\u2026<\/span><\/p><p>\u00a0<\/p>\t\t\t\t\t\t<\/div>\n\t\t\t\t<\/div>\n\t\t\t\t\t<\/div>\n\t\t<\/div>\n\t\t\t\t\t\t\t<\/div>\n\t\t<\/section>\n\t\t\t\t\t\t\t<\/div>\n\t\t","protected":false},"excerpt":{"rendered":"<p>OFERTA RAYDEX to kilka grup wysokiej klasy kabli i przewod\u00f3w. Szczeg\u00f3\u0142owe informacje na temat ka\u017cdej z nich mo\u017cna znale\u017a\u0107 w rozdziale \u201eprodukty\u201d ( wybieraj\u0105c konkretny element z listy). Wyczerpuj\u0105ce informacje na temat produkt\u00f3w mo\u017cna uzyska\u0107 kontaktuj\u0105c si\u0119 z nami drog\u0105 elektroniczn\u0105 lub telefonicznie (patrz \u201ekontakt\u201d). Wykonujemy r\u00f3wnie\u017c kable\u00a0 OEM,\u00a0 wg dostarczonej specyfikacji.\u00a0 Poni\u017cej zastosowania oferowanych &hellip; <\/p>\n<p class=\"link-more\"><a href=\"https:\/\/raydex.pl\/index.php\/oferta\/\" class=\"more-link\">Czytaj dalej<span class=\"screen-reader-text\"> \u201eOferta\u201d<\/span><\/a><\/p>\n","protected":false},"author":1,"featured_media":0,"parent":0,"menu_order":0,"comment_status":"closed","ping_status":"closed","template":"","meta":{"footnotes":""},"class_list":["post-189","page","type-page","status-publish","hentry"],"_links":{"self":[{"href":"https:\/\/raydex.pl\/index.php\/wp-json\/wp\/v2\/pages\/189","targetHints":{"allow":["GET"]}}],"collection":[{"href":"https:\/\/raydex.pl\/index.php\/wp-json\/wp\/v2\/pages"}],"about":[{"href":"https:\/\/raydex.pl\/index.php\/wp-json\/wp\/v2\/types\/page"}],"author":[{"embeddable":true,"href":"https:\/\/raydex.pl\/index.php\/wp-json\/wp\/v2\/users\/1"}],"replies":[{"embeddable":true,"href":"https:\/\/raydex.pl\/index.php\/wp-json\/wp\/v2\/comments?post=189"}],"version-history":[{"count":25,"href":"https:\/\/raydex.pl\/index.php\/wp-json\/wp\/v2\/pages\/189\/revisions"}],"predecessor-version":[{"id":606,"href":"https:\/\/raydex.pl\/index.php\/wp-json\/wp\/v2\/pages\/189\/revisions\/606"}],"wp:attachment":[{"href":"https:\/\/raydex.pl\/index.php\/wp-json\/wp\/v2\/media?parent=189"}],"curies":[{"name":"wp","href":"https:\/\/api.w.org\/{rel}","templated":true}]}}