{"id":203,"date":"2021-01-29T13:06:13","date_gmt":"2021-01-29T12:06:13","guid":{"rendered":"https:\/\/raydex.pl\/?page_id=203"},"modified":"2021-02-15T13:35:50","modified_gmt":"2021-02-15T12:35:50","slug":"kable-teleinformatyczne","status":"publish","type":"page","link":"https:\/\/raydex.pl\/index.php\/kable-teleinformatyczne\/","title":{"rendered":"Kable teleinformatyczne"},"content":{"rendered":"\t\t<div data-elementor-type=\"wp-page\" data-elementor-id=\"203\" class=\"elementor elementor-203\">\n\t\t\t\t\t\t\t\t\t<section class=\"elementor-section elementor-top-section elementor-element elementor-element-d9253cc elementor-section-boxed elementor-section-height-default elementor-section-height-default\" data-id=\"d9253cc\" data-element_type=\"section\">\n\t\t\t\t\t\t<div class=\"elementor-container elementor-column-gap-default\">\n\t\t\t\t\t<div class=\"elementor-column elementor-col-100 elementor-top-column elementor-element elementor-element-a5d432a\" data-id=\"a5d432a\" data-element_type=\"column\">\n\t\t\t<div class=\"elementor-widget-wrap elementor-element-populated\">\n\t\t\t\t\t\t\t\t<div class=\"elementor-element elementor-element-cd03836 elementor-widget elementor-widget-heading\" data-id=\"cd03836\" data-element_type=\"widget\" data-widget_type=\"heading.default\">\n\t\t\t\t<div class=\"elementor-widget-container\">\n\t\t\t<h2 class=\"elementor-heading-title elementor-size-default\">KABLE TELEINFORMATYCZNE<\/h2>\t\t<\/div>\n\t\t\t\t<\/div>\n\t\t\t\t\t<\/div>\n\t\t<\/div>\n\t\t\t\t\t\t\t<\/div>\n\t\t<\/section>\n\t\t\t\t<section class=\"elementor-section elementor-top-section elementor-element elementor-element-fd6ede9 elementor-section-boxed elementor-section-height-default elementor-section-height-default\" data-id=\"fd6ede9\" data-element_type=\"section\">\n\t\t\t\t\t\t<div class=\"elementor-container elementor-column-gap-default\">\n\t\t\t\t\t\t\t\t<\/div>\n\t\t<\/section>\n\t\t\t\t<section class=\"elementor-section elementor-top-section elementor-element elementor-element-fc0705e elementor-section-boxed elementor-section-height-default elementor-section-height-default\" data-id=\"fc0705e\" data-element_type=\"section\">\n\t\t\t\t\t\t<div class=\"elementor-container elementor-column-gap-default\">\n\t\t\t\t\t<div class=\"elementor-column elementor-col-100 elementor-top-column elementor-element elementor-element-082b40c\" data-id=\"082b40c\" data-element_type=\"column\">\n\t\t\t<div class=\"elementor-widget-wrap elementor-element-populated\">\n\t\t\t\t\t\t\t\t<div class=\"elementor-element elementor-element-5f7899b elementor-widget elementor-widget-text-editor\" data-id=\"5f7899b\" data-element_type=\"widget\" data-widget_type=\"text-editor.default\">\n\t\t\t\t<div class=\"elementor-widget-container\">\n\t\t\t\t\t\t\t<p>Rodzaj przewodu sygna\u0142owego s\u0142u\u017c\u0105cego do przesy\u0142ania informacji, kt\u00f3ry zbudowany jest z jednej lub wi\u0119kszej liczby par kabli skr\u0119conych ze sob\u0105 w celu eliminacji wp\u0142ywu zak\u0142\u00f3ce\u0144 elektromagnetycznych oraz zak\u0142\u00f3ce\u0144 wzajemnych, zwanych przes\u0142uchami. Skr\u0119cenie \u017cy\u0142 powoduje jednocze\u015bnie zaw\u0119\u017cenie pasma transmisyjnego. Wynalazc\u0105 tego rozwi\u0105zania jest Alexander Graham Bell. Skr\u0119tki maj\u0105 zastosowanie w \u0142\u0105czach telekomunikacyjnych oraz sieciach komputerowych \u2013 obecnie najcz\u0119\u015bciej wykorzystywane s\u0105 w telefonii stacjonarnej oraz w sieciach Ethernet. Skr\u0119tka ma zastosowanie przy przesy\u0142aniu danych zar\u00f3wno w postaci analogowej, jak i cyfrowej.<\/p>\t\t\t\t\t\t<\/div>\n\t\t\t\t<\/div>\n\t\t\t\t<div class=\"elementor-element elementor-element-dee9bae elementor-widget elementor-widget-spacer\" data-id=\"dee9bae\" data-element_type=\"widget\" data-widget_type=\"spacer.default\">\n\t\t\t\t<div class=\"elementor-widget-container\">\n\t\t\t\t\t<div class=\"elementor-spacer\">\n\t\t\t<div class=\"elementor-spacer-inner\"><\/div>\n\t\t<\/div>\n\t\t\t\t<\/div>\n\t\t\t\t<\/div>\n\t\t\t\t<div class=\"elementor-element elementor-element-7de1411 elementor-widget elementor-widget-text-editor\" data-id=\"7de1411\" data-element_type=\"widget\" data-widget_type=\"text-editor.default\">\n\t\t\t\t<div class=\"elementor-widget-container\">\n\t\t\t\t\t\t\t<p>W naszej ofercie znajd\u0105 sie skr\u0119tki:\u00a0<\/p><ul><li>U\/UTP (dawniej\u00a0UTP) \u2013 skr\u0119tka nieekranowana,<\/li><li>F\/UTP (dawniej FTP) \u2013 skr\u0119tka foliowana,<\/li><li>S\/UTP \u2013 skr\u0119tka nieekranowana dodatkowo w ekranie z siatki,<\/li><li>SF\/UTP (dawniej STP) \u2013 skr\u0119tka ekranowana foli\u0105 i siatk\u0105,<\/li><li>U\/FTP \u2013 skr\u0119tka z ka\u017cd\u0105 par\u0105 w osobnym ekranie z folii,<\/li><li>F\/FTP \u2013 skr\u0119tka z ka\u017cd\u0105 par\u0105 foliowan\u0105 i dodatkowo ca\u0142o\u015b\u0107 w ekranie z folii,<\/li><li>S\/FTP (dawniej SFTP) \u2013 skr\u0119tka z ka\u017cd\u0105 par\u0105 foliowan\u0105 i dodatkowo ca\u0142o\u015b\u0107 w ekranie z siatki,<\/li><li>SF\/FTP (dawniej\u00a0S-STP) \u2013 skr\u0119tka z ka\u017cd\u0105 par\u0105 foliowan\u0105 i dodatkowo ca\u0142o\u015b\u0107 w ekranie z folii oraz siatki.<\/li><\/ul>\t\t\t\t\t\t<\/div>\n\t\t\t\t<\/div>\n\t\t\t\t<div class=\"elementor-element elementor-element-a405955 elementor-widget elementor-widget-spacer\" data-id=\"a405955\" data-element_type=\"widget\" data-widget_type=\"spacer.default\">\n\t\t\t\t<div class=\"elementor-widget-container\">\n\t\t\t\t\t<div class=\"elementor-spacer\">\n\t\t\t<div class=\"elementor-spacer-inner\"><\/div>\n\t\t<\/div>\n\t\t\t\t<\/div>\n\t\t\t\t<\/div>\n\t\t\t\t\t<\/div>\n\t\t<\/div>\n\t\t\t\t\t\t\t<\/div>\n\t\t<\/section>\n\t\t\t\t<section class=\"elementor-section elementor-top-section elementor-element elementor-element-7596b48 elementor-section-boxed elementor-section-height-default elementor-section-height-default\" data-id=\"7596b48\" data-element_type=\"section\">\n\t\t\t\t\t\t<div class=\"elementor-container elementor-column-gap-default\">\n\t\t\t\t\t<div class=\"elementor-column elementor-col-100 elementor-top-column elementor-element elementor-element-aa23f0c\" data-id=\"aa23f0c\" data-element_type=\"column\">\n\t\t\t<div class=\"elementor-widget-wrap elementor-element-populated\">\n\t\t\t\t\t\t\t\t<div class=\"elementor-element elementor-element-e7de666 elementor-widget elementor-widget-heading\" data-id=\"e7de666\" data-element_type=\"widget\" data-widget_type=\"heading.default\">\n\t\t\t\t<div class=\"elementor-widget-container\">\n\t\t\t<h2 class=\"elementor-heading-title elementor-size-default\">SKR\u0118TKA<\/h2>\t\t<\/div>\n\t\t\t\t<\/div>\n\t\t\t\t\t<\/div>\n\t\t<\/div>\n\t\t\t\t\t\t\t<\/div>\n\t\t<\/section>\n\t\t\t\t<section class=\"elementor-section elementor-top-section elementor-element elementor-element-3062d08 elementor-section-boxed elementor-section-height-default elementor-section-height-default\" data-id=\"3062d08\" data-element_type=\"section\">\n\t\t\t\t\t\t<div class=\"elementor-container elementor-column-gap-default\">\n\t\t\t\t\t<div class=\"elementor-column elementor-col-50 elementor-top-column elementor-element elementor-element-68efaeb\" data-id=\"68efaeb\" data-element_type=\"column\">\n\t\t\t<div class=\"elementor-widget-wrap elementor-element-populated\">\n\t\t\t\t\t\t\t\t<div class=\"elementor-element elementor-element-d21fa61 elementor-widget elementor-widget-text-editor\" data-id=\"d21fa61\" data-element_type=\"widget\" data-widget_type=\"text-editor.default\">\n\t\t\t\t<div class=\"elementor-widget-container\">\n\t\t\t\t\t\t\t<p>Dost\u0119pne kolory skr\u0119tki:<\/p><ul><li>Bia\u0142y,<\/li><li>Niebieski<\/li><\/ul>\t\t\t\t\t\t<\/div>\n\t\t\t\t<\/div>\n\t\t\t\t\t<\/div>\n\t\t<\/div>\n\t\t\t\t<div class=\"elementor-column elementor-col-50 elementor-top-column elementor-element elementor-element-58b8220\" data-id=\"58b8220\" data-element_type=\"column\">\n\t\t\t<div class=\"elementor-widget-wrap elementor-element-populated\">\n\t\t\t\t\t\t\t\t<div class=\"elementor-element elementor-element-3e7aab7 elementor-widget elementor-widget-text-editor\" data-id=\"3e7aab7\" data-element_type=\"widget\" data-widget_type=\"text-editor.default\">\n\t\t\t\t<div class=\"elementor-widget-container\">\n\t\t\t\t\t\t\t<p>Dost\u0119pne d\u0142ugo\u015bci:<\/p><ul><li>305m,<\/li><li>500m<\/li><\/ul>\t\t\t\t\t\t<\/div>\n\t\t\t\t<\/div>\n\t\t\t\t\t<\/div>\n\t\t<\/div>\n\t\t\t\t\t\t\t<\/div>\n\t\t<\/section>\n\t\t\t\t<section class=\"elementor-section elementor-top-section elementor-element elementor-element-69e8f00 elementor-section-boxed elementor-section-height-default elementor-section-height-default\" data-id=\"69e8f00\" data-element_type=\"section\">\n\t\t\t\t\t\t<div class=\"elementor-container elementor-column-gap-default\">\n\t\t\t\t\t<div class=\"elementor-column elementor-col-100 elementor-top-column elementor-element elementor-element-8cd8e7b\" data-id=\"8cd8e7b\" data-element_type=\"column\">\n\t\t\t<div class=\"elementor-widget-wrap elementor-element-populated\">\n\t\t\t\t\t\t\t\t<div class=\"elementor-element elementor-element-55db304 elementor-widget elementor-widget-heading\" data-id=\"55db304\" data-element_type=\"widget\" data-widget_type=\"heading.default\">\n\t\t\t\t<div class=\"elementor-widget-container\">\n\t\t\t<h2 class=\"elementor-heading-title elementor-size-default\">PATCHCORD<\/h2>\t\t<\/div>\n\t\t\t\t<\/div>\n\t\t\t\t\t<\/div>\n\t\t<\/div>\n\t\t\t\t\t\t\t<\/div>\n\t\t<\/section>\n\t\t\t\t<section class=\"elementor-section elementor-top-section elementor-element elementor-element-8c26cd7 elementor-section-boxed elementor-section-height-default elementor-section-height-default\" data-id=\"8c26cd7\" data-element_type=\"section\">\n\t\t\t\t\t\t<div class=\"elementor-container elementor-column-gap-default\">\n\t\t\t\t\t<div class=\"elementor-column elementor-col-50 elementor-top-column elementor-element elementor-element-a918c16\" data-id=\"a918c16\" data-element_type=\"column\">\n\t\t\t<div class=\"elementor-widget-wrap elementor-element-populated\">\n\t\t\t\t\t\t\t\t<div class=\"elementor-element elementor-element-41a931f elementor-widget elementor-widget-text-editor\" data-id=\"41a931f\" data-element_type=\"widget\" data-widget_type=\"text-editor.default\">\n\t\t\t\t<div class=\"elementor-widget-container\">\n\t\t\t\t\t\t\t<p>Dost\u0119pne kolory patchcord\u00f3w:<\/p><ul><li>Czarny,<\/li><li>Czerwony,<\/li><li>Zielony,<\/li><li>Niebieski,<\/li><li>\u017b\u00f3\u0142ty,<\/li><li>Szary<\/li><\/ul>\t\t\t\t\t\t<\/div>\n\t\t\t\t<\/div>\n\t\t\t\t\t<\/div>\n\t\t<\/div>\n\t\t\t\t<div class=\"elementor-column elementor-col-50 elementor-top-column elementor-element elementor-element-6e1d729\" data-id=\"6e1d729\" data-element_type=\"column\">\n\t\t\t<div class=\"elementor-widget-wrap elementor-element-populated\">\n\t\t\t\t\t\t\t\t<div class=\"elementor-element elementor-element-2960bda elementor-widget elementor-widget-text-editor\" data-id=\"2960bda\" data-element_type=\"widget\" data-widget_type=\"text-editor.default\">\n\t\t\t\t<div class=\"elementor-widget-container\">\n\t\t\t\t\t\t\t<p>Dost\u0119pne d\u0142ugo\u015bci:<\/p><ul><li>0,25m<\/li><li>0,5m<\/li><li>1,0m<\/li><li>1,5m<\/li><li>2,0m<\/li><li>3,0m<\/li><li>5,0m<\/li><li>10m<\/li><li>15m<\/li><\/ul>\t\t\t\t\t\t<\/div>\n\t\t\t\t<\/div>\n\t\t\t\t\t<\/div>\n\t\t<\/div>\n\t\t\t\t\t\t\t<\/div>\n\t\t<\/section>\n\t\t\t\t<section class=\"elementor-section elementor-top-section elementor-element elementor-element-19633ec elementor-section-boxed elementor-section-height-default elementor-section-height-default\" data-id=\"19633ec\" data-element_type=\"section\">\n\t\t\t\t\t\t<div class=\"elementor-container elementor-column-gap-default\">\n\t\t\t\t\t<div class=\"elementor-column elementor-col-33 elementor-top-column elementor-element elementor-element-1f83886\" data-id=\"1f83886\" data-element_type=\"column\">\n\t\t\t<div class=\"elementor-widget-wrap elementor-element-populated\">\n\t\t\t\t\t\t\t\t<div class=\"elementor-element elementor-element-faeacaa elementor-align-justify elementor-invisible elementor-widget elementor-widget-button\" data-id=\"faeacaa\" data-element_type=\"widget\" data-settings=\"{&quot;_animation&quot;:&quot;rubberBand&quot;}\" data-widget_type=\"button.default\">\n\t\t\t\t<div class=\"elementor-widget-container\">\n\t\t\t\t\t<div class=\"elementor-button-wrapper\">\n\t\t\t<a class=\"elementor-button elementor-button-link elementor-size-sm elementor-animation-hang\" href=\"https:\/\/raydex.pl\/index.php\/instalacyjne-wewnetrzne\/\">\n\t\t\t\t\t\t<span class=\"elementor-button-content-wrapper\">\n\t\t\t\t\t\t<span class=\"elementor-button-icon elementor-align-icon-left\">\n\t\t\t\t<i aria-hidden=\"true\" class=\"far fa-window-maximize\"><\/i>\t\t\t<\/span>\n\t\t\t\t\t\t<span class=\"elementor-button-text\">Do instalacji wewn\u0119trznych<\/span>\n\t\t<\/span>\n\t\t\t\t\t<\/a>\n\t\t<\/div>\n\t\t\t\t<\/div>\n\t\t\t\t<\/div>\n\t\t\t\t\t<\/div>\n\t\t<\/div>\n\t\t\t\t<div class=\"elementor-column elementor-col-33 elementor-top-column elementor-element elementor-element-9fe30b3\" data-id=\"9fe30b3\" data-element_type=\"column\">\n\t\t\t<div class=\"elementor-widget-wrap elementor-element-populated\">\n\t\t\t\t\t\t\t\t<div class=\"elementor-element elementor-element-4fc9241 elementor-align-justify elementor-invisible elementor-widget elementor-widget-button\" data-id=\"4fc9241\" data-element_type=\"widget\" data-settings=\"{&quot;_animation&quot;:&quot;rubberBand&quot;}\" data-widget_type=\"button.default\">\n\t\t\t\t<div class=\"elementor-widget-container\">\n\t\t\t\t\t<div class=\"elementor-button-wrapper\">\n\t\t\t<a class=\"elementor-button elementor-button-link elementor-size-sm elementor-animation-hang\" href=\"https:\/\/raydex.pl\/index.php\/instalacyjne-zewnetrzne\/\">\n\t\t\t\t\t\t<span class=\"elementor-button-content-wrapper\">\n\t\t\t\t\t\t<span class=\"elementor-button-icon elementor-align-icon-left\">\n\t\t\t\t<i aria-hidden=\"true\" class=\"far fa-window-maximize\"><\/i>\t\t\t<\/span>\n\t\t\t\t\t\t<span class=\"elementor-button-text\">Do instalacji zewn\u0119trznych<\/span>\n\t\t<\/span>\n\t\t\t\t\t<\/a>\n\t\t<\/div>\n\t\t\t\t<\/div>\n\t\t\t\t<\/div>\n\t\t\t\t\t<\/div>\n\t\t<\/div>\n\t\t\t\t<div class=\"elementor-column elementor-col-33 elementor-top-column elementor-element elementor-element-6d657dd\" data-id=\"6d657dd\" data-element_type=\"column\">\n\t\t\t<div class=\"elementor-widget-wrap elementor-element-populated\">\n\t\t\t\t\t\t\t\t<div class=\"elementor-element elementor-element-3b45393 elementor-align-justify elementor-invisible elementor-widget elementor-widget-button\" data-id=\"3b45393\" data-element_type=\"widget\" data-settings=\"{&quot;_animation&quot;:&quot;rubberBand&quot;}\" data-widget_type=\"button.default\">\n\t\t\t\t<div class=\"elementor-widget-container\">\n\t\t\t\t\t<div class=\"elementor-button-wrapper\">\n\t\t\t<a class=\"elementor-button elementor-button-link elementor-size-xl elementor-animation-hang\" href=\"https:\/\/raydex.pl\/index.php\/patchcordy\/\">\n\t\t\t\t\t\t<span class=\"elementor-button-content-wrapper\">\n\t\t\t\t\t\t<span class=\"elementor-button-icon elementor-align-icon-left\">\n\t\t\t\t<i aria-hidden=\"true\" class=\"far fa-window-maximize\"><\/i>\t\t\t<\/span>\n\t\t\t\t\t\t<span class=\"elementor-button-text\">Patchcordy<\/span>\n\t\t<\/span>\n\t\t\t\t\t<\/a>\n\t\t<\/div>\n\t\t\t\t<\/div>\n\t\t\t\t<\/div>\n\t\t\t\t\t<\/div>\n\t\t<\/div>\n\t\t\t\t\t\t\t<\/div>\n\t\t<\/section>\n\t\t\t\t\t\t\t<\/div>\n\t\t","protected":false},"excerpt":{"rendered":"<p>KABLE TELEINFORMATYCZNE Rodzaj przewodu sygna\u0142owego s\u0142u\u017c\u0105cego do przesy\u0142ania informacji, kt\u00f3ry zbudowany jest z jednej lub wi\u0119kszej liczby par kabli skr\u0119conych ze sob\u0105 w celu eliminacji wp\u0142ywu zak\u0142\u00f3ce\u0144 elektromagnetycznych oraz zak\u0142\u00f3ce\u0144 wzajemnych, zwanych przes\u0142uchami. Skr\u0119cenie \u017cy\u0142 powoduje jednocze\u015bnie zaw\u0119\u017cenie pasma transmisyjnego. Wynalazc\u0105 tego rozwi\u0105zania jest Alexander Graham Bell. Skr\u0119tki maj\u0105 zastosowanie w \u0142\u0105czach telekomunikacyjnych oraz sieciach &hellip; <\/p>\n<p class=\"link-more\"><a href=\"https:\/\/raydex.pl\/index.php\/kable-teleinformatyczne\/\" class=\"more-link\">Czytaj dalej<span class=\"screen-reader-text\"> \u201eKable teleinformatyczne\u201d<\/span><\/a><\/p>\n","protected":false},"author":1,"featured_media":0,"parent":0,"menu_order":0,"comment_status":"closed","ping_status":"closed","template":"","meta":{"footnotes":""},"class_list":["post-203","page","type-page","status-publish","hentry"],"_links":{"self":[{"href":"https:\/\/raydex.pl\/index.php\/wp-json\/wp\/v2\/pages\/203","targetHints":{"allow":["GET"]}}],"collection":[{"href":"https:\/\/raydex.pl\/index.php\/wp-json\/wp\/v2\/pages"}],"about":[{"href":"https:\/\/raydex.pl\/index.php\/wp-json\/wp\/v2\/types\/page"}],"author":[{"embeddable":true,"href":"https:\/\/raydex.pl\/index.php\/wp-json\/wp\/v2\/users\/1"}],"replies":[{"embeddable":true,"href":"https:\/\/raydex.pl\/index.php\/wp-json\/wp\/v2\/comments?post=203"}],"version-history":[{"count":7,"href":"https:\/\/raydex.pl\/index.php\/wp-json\/wp\/v2\/pages\/203\/revisions"}],"predecessor-version":[{"id":620,"href":"https:\/\/raydex.pl\/index.php\/wp-json\/wp\/v2\/pages\/203\/revisions\/620"}],"wp:attachment":[{"href":"https:\/\/raydex.pl\/index.php\/wp-json\/wp\/v2\/media?parent=203"}],"curies":[{"name":"wp","href":"https:\/\/api.w.org\/{rel}","templated":true}]}}